13?
42
What is the remainder when 7129 is divided by 170?
159
Calculate the remainder when 86319 is divided by 88.
79
Calculate the remainder when 374 is divided by 51.
17
Calculate the remainder when 24008 is divided by 1986.
176
Calculate the remainder when 159381 is divided by 916.
913
What is the remainder when 2411629 is divided by 38?
35
What is the remainder when 18533 is divided by 36?
29
Calculate the remainder when 3792 is divided by 117.
48
What is the remainder when 1110536 is divided by 26?
24
Calculate the remainder when 536557 is divided by 127.
109
Calculate the remainder when 6812 is divided by 6809.
3
What is the remainder when 879 is divided by 220?
219
What is the remainder when 44133 is divided by 65?
63
Calculate the remainder when 62422 is divided by 12445.
197
What is the remainder when 44744 is divided by 2632?
0
What is the remainder when 5078 is divided by 1492?
602
What is the remainder when 44779 is divided by 2254?
1953
What is the remainder when 746 is divided by 705?
41
What is the remainder when 5991 is divided by 14?
13
What is the remainder when 644 is divided by 337?
307
What is the remainder when 2055635 is divided by 29?
28
Calculate the remainder when 3362 is divided by 336.
2
What is the remainder when 10410 is divided by 29?
28
Calculate the remainder when 998 is divided by 300.
98
What is the remainder when 16795 is divided by 76?
75
What is the remainder when 4793 is divided by 798?
5
What is the remainder when 3985 is divided by 1260?
205
Calculate the remainder when 26864 is divided by 2237.
20
What is the remainder when 1144 is divided by 227?
9
Calculate the remainder when 4163 is divided by 77.
5
What is the remainder when 495 is divided by 169?
157
What is the remainder when 1982 is divided by 956?
70
What is the remainder when 13389 is divided by 24?
21
Calculate the remainder when 448901 is divided by 224438.
25
Calculate the remainder when 25905 is divided by 247.
217
What is the remainder when 1370613 is divided by 26?
23
What is the remainder when 153544 is divided by 151?
128
What is the remainder when 35620 is divided by 1355?
390
Calculate the remainder when 134 is divided by 58.
18
What is the remainder when 516404 is divided by 90?
74
Calculate the remainder when 63598 is divided by 100.
98
Calculate the remainder when 1471 is divided by 493.
485
What is the remainder when 5349 is divided by 1405?
1134
What is the remainder when 405355 is divided by 124?
123
What is the remainder when 4511 is divided by 890?
61
What is the remainder when 53706 is divided by 353?
50
What is the remainder when 48832 is divided by 421?
417
Calculate the remainder when 1071566 is divided by 511.
510
Calculate the remainder when 77993 is divided by 4587.
14
Calculate the remainder when 1471244 is divided by 550.
544
What is the remainder when 71708 is divided by 451?
450
What is the remainder when 7771 is divided by 645?
31
Calculate the remainder when 2030 is divided by 260.
210
What is the remainder when 8350 is divided by 317?
108
What is the remainder when 27129 is divided by 84?
81
What is the remainder when 152566 is divided by 13869?
7
Calculate the remainder when 1096837 is divided by 15669.
7
Calculate the remainder when 135760 is divided by 1013.
18
What is the remainder when 3208 is divided by 129?
112
Calculate the remainder when 29215 is divided by 19.
12
Calculate the remainder when 340739 is divided by 16224.
35
Calculate the remainder when 3029 is divided by 1485.
59
Calculate the remainder when 381603 is divided by 20.
3
Calculate the remainder when 12439 is divided by 12435.
4
What is the remainder when 3328 is divided by 181?
70
What is the remainder when 8894 is divided by 66?
50
What is the remainder when 1600 is divided by 88?
16
What is the remainder when 987278 is divided by 74?
44
What is the remainder when 260836 is divided by 43?
41
Calculate the remainder when 77025 is divided by 38507.
11
Calculate the remainder when 5193 is divided by 165.
78
Calculate the remainder when 25407 is divided by 975.
57
What is the remainder when 6988 is divided by 69?
19
What is the remainder when 4574207 is divided by 16?
15
Calculate the remainder when 4315 is divided by 379.
146
What is the remainder when 2378603 is divided by 523?
522
What is the remainder when 100783 is divided by 14?
11
Calculate the remainder when 10611 is divided by 5296.
19
What is the remainder when 458322 is divided by 175?
172
Calculate the remainder when 2491 is divided by 820.
31
What is the remainder when 99316 is divided by 113?
102
What is the remainder when 9321 is divided by 160?
41
What is the remainder when 310126 is divided by 16?
14
What is the remainder when 39951 is divided by 2350?
1
What is the remainder when 4045713 is divided by 1126?
1121
Calculate the remainder when 147 is divided by 56.
35
Calculate the remainder when 86618 is divided by 246.
26
Calculate the remainder when 148587 is divided by 54.
33
Calculate the remainder when 109196 is divided by 240.
236
What is the remainder when 15630 is divided by 136?
126
Calculate the remainder when 20480 is divided by 45.
5
Calculate the remainder when 3018 is divided by 219.
171
Calculate the remainder when 42874 is divided by 44.
18
What is the remainder when 4406 is divided by 8?
6
What is the remainder when 21569 is divided by 1956?
53
Calculate the remainder when 80003 is divided by 206.
75
What is the remainder when 376239 is divided by 413?
409
What is the remainder when 51603 is divided by 10317?
18
What is the remainder when 9035 is divided by 1620?
935
What is the remainder when 1470 is divided by 284?
50
What is the remainder when 129131 is divided by 115?
101
What is the remainder when 83 is divided by 63?
20
Calculate the remainder when 55436 is divided by 2771.
16
What is the remainder when 401676 is divided by 41?
40
What is the remainder when 655821 is divided by 24?
21
Calculate the remainder when 586 is divided by 459.
127
Calculate the remainder when 181231 is divided by 3.
1
Calculate the remainder when 13225 is divided by 553.
506
Calculate the remainder when 32496 is divided by 106.
60
What is the remainder when 5532 is divided by 32?
28
What is the remainder when 676 is divided by 380?
296
Calculate the remainder when 158761 is divided by 187.
185
What is the remainder when 24937 is divided by 16?
9
What is the remainder when 636046 is divided by 16?
14
Calculate the remainder when 3719 is divided by 117.
92
What is the remainder when 2225 is divided by 1108?
9
What is the remainder when 65940 is divided by 554?
14
What is the remainder when 1491 is divided by 1449?
42
What is the remainder when 3847 is divided by 385?
382
What is the remainder when 119549 is divided by 1594?
1593
What is the remainder when 72075 is divided by 170?
165
Calculate the remainder when 9410 is divided by 3044.
278
What is the remainder when 3636 is divided by 256?
52
What is the remainder when 64067 is divided by 81?
77
Calculate the remainder when 16760 is divided by 7524.
1712
Calculate the remainder when 1053094 is divided by 33.
31
What is the remainder when 427124 is divided by 375?
374
Calculate the remainder when 388298 is divided by 5.
3
What is the remainder when 561 is divided by 29?
10
What is the remainder when 2364 is divided by 135?
69
Calculate the remainder when 3272 is divided by 72.
32
Calculate the remainder when 249095 is divided by 722.
5
What is the remainder when 95719 is divided by 1214?
1027
Calculate the remainder when 80204 is divided by 717.
617
What is the remainder when 60249 is divided by 19?
0
Calculate the remainder when 6297 is divided by 105.
102
What is the remainder when 255416 is divided by 32?
24
What is the remainder when 1903 is divided by 540?
283
What is the remainder when 14482 is divided by 104?
26
Calculate the remainder when 42369 is divided by 83.
39
What is the remainder when 15649 is divided by 7821?
7
What is the remainder when 328915 is divided by 164438?
39
Calculate the remainder when 468864 is divided by 134.
132
Calculate the remainder when 18586 is divided by 387.
10
Calculate the remainder when 7090 is divided by 47.
40
Calculate the remainder when 735818 is divided by 91973.
34
What is the re